{"id":16389,"date":"2026-02-12T14:33:37","date_gmt":"2026-02-12T14:33:37","guid":{"rendered":"https:\/\/darkyn.ma\/?post_type=product&#038;p=16389"},"modified":"2026-02-12T14:33:37","modified_gmt":"2026-02-12T14:33:37","slug":"my-home-my-spa-387085","status":"publish","type":"product","link":"https:\/\/darkyn.ma\/index.php\/product\/my-home-my-spa-387085\/","title":{"rendered":"My Home My Spa &#8211; 387085"},"content":{"rendered":"<p><strong>My Home My Spa<\/strong> transforme votre int\u00e9rieur en un v\u00e9ritable sanctuaire de bien-\u00eatre. Des motifs apaisants, des teintes douces et des textures d\u00e9licates cr\u00e9ent une atmosph\u00e8re relaxante et harmonieuse. Pens\u00e9e pour offrir confort, s\u00e9r\u00e9nit\u00e9 et \u00e9l\u00e9gance, cette collection invite \u00e0 la d\u00e9tente et fait de chaque pi\u00e8ce un refuge de style et de douceur.<\/p>\n","protected":false},"excerpt":{"rendered":"<p>My Home My Spa transforme votre int\u00e9rieur en un v\u00e9ritable sanctuaire de bien-\u00eatre. Des motifs apaisants, des teintes douces et des textures d\u00e9licates cr\u00e9ent une atmosph\u00e8re relaxante et harmonieuse. Pens\u00e9e&#8230;<\/p>\n","protected":false},"featured_media":16390,"template":"","meta":[],"product_brand":[],"product_cat":[153,35,34],"product_tag":[],"class_list":{"0":"post-16389","1":"product","2":"type-product","3":"status-publish","4":"has-post-thumbnail","6":"product_cat-my-home-my-spa","7":"product_cat-papier-peint","8":"product_cat-revetement-mur","10":"first","11":"instock","12":"shipping-taxable","13":"product-type-simple"},"_links":{"self":[{"href":"https:\/\/darkyn.ma\/index.php\/wp-json\/wp\/v2\/product\/16389","targetHints":{"allow":["GET"]}}],"collection":[{"href":"https:\/\/darkyn.ma\/index.php\/wp-json\/wp\/v2\/product"}],"about":[{"href":"https:\/\/darkyn.ma\/index.php\/wp-json\/wp\/v2\/types\/product"}],"wp:featuredmedia":[{"embeddable":true,"href":"https:\/\/darkyn.ma\/index.php\/wp-json\/wp\/v2\/media\/16390"}],"wp:attachment":[{"href":"https:\/\/darkyn.ma\/index.php\/wp-json\/wp\/v2\/media?parent=16389"}],"wp:term":[{"taxonomy":"product_brand","embeddable":true,"href":"https:\/\/darkyn.ma\/index.php\/wp-json\/wp\/v2\/product_brand?post=16389"},{"taxonomy":"product_cat","embeddable":true,"href":"https:\/\/darkyn.ma\/index.php\/wp-json\/wp\/v2\/product_cat?post=16389"},{"taxonomy":"product_tag","embeddable":true,"href":"https:\/\/darkyn.ma\/index.php\/wp-json\/wp\/v2\/product_tag?post=16389"}],"curies":[{"name":"wp","href":"https:\/\/api.w.org\/{rel}","templated":true}]}}