{"id":15702,"date":"2026-02-10T09:43:16","date_gmt":"2026-02-10T09:43:16","guid":{"rendered":"https:\/\/darkyn.ma\/?post_type=product&#038;p=15702"},"modified":"2026-02-10T09:43:16","modified_gmt":"2026-02-10T09:43:16","slug":"lilly-louis-771321-2","status":"publish","type":"product","link":"https:\/\/darkyn.ma\/index.php\/product\/lilly-louis-771321-2\/","title":{"rendered":"Lilly &#038; Louis &#8211; 771321"},"content":{"rendered":"<p><strong>Lilly &amp; Louis<\/strong> invite les enfants dans un univers joyeux et po\u00e9tique, peupl\u00e9 de couleurs tendres et de motifs enchanteurs. Pens\u00e9e pour stimuler l\u2019imaginaire tout en apportant douceur et harmonie, cette collection transforme les chambres d\u2019enfants en espaces de r\u00eave, de jeu et de cr\u00e9ativit\u00e9.<\/p>\n","protected":false},"excerpt":{"rendered":"<p>Lilly &amp; Louis invite les enfants dans un univers joyeux et po\u00e9tique, peupl\u00e9 de couleurs tendres et de motifs enchanteurs. Pens\u00e9e pour stimuler l\u2019imaginaire tout en apportant douceur et harmonie,&#8230;<\/p>\n","protected":false},"featured_media":15695,"template":"","meta":[],"product_brand":[],"product_cat":[149,35,34],"product_tag":[],"class_list":{"0":"post-15702","1":"product","2":"type-product","3":"status-publish","4":"has-post-thumbnail","6":"product_cat-lilly-luis","7":"product_cat-papier-peint","8":"product_cat-revetement-mur","10":"first","11":"instock","12":"shipping-taxable","13":"product-type-simple"},"_links":{"self":[{"href":"https:\/\/darkyn.ma\/index.php\/wp-json\/wp\/v2\/product\/15702","targetHints":{"allow":["GET"]}}],"collection":[{"href":"https:\/\/darkyn.ma\/index.php\/wp-json\/wp\/v2\/product"}],"about":[{"href":"https:\/\/darkyn.ma\/index.php\/wp-json\/wp\/v2\/types\/product"}],"wp:featuredmedia":[{"embeddable":true,"href":"https:\/\/darkyn.ma\/index.php\/wp-json\/wp\/v2\/media\/15695"}],"wp:attachment":[{"href":"https:\/\/darkyn.ma\/index.php\/wp-json\/wp\/v2\/media?parent=15702"}],"wp:term":[{"taxonomy":"product_brand","embeddable":true,"href":"https:\/\/darkyn.ma\/index.php\/wp-json\/wp\/v2\/product_brand?post=15702"},{"taxonomy":"product_cat","embeddable":true,"href":"https:\/\/darkyn.ma\/index.php\/wp-json\/wp\/v2\/product_cat?post=15702"},{"taxonomy":"product_tag","embeddable":true,"href":"https:\/\/darkyn.ma\/index.php\/wp-json\/wp\/v2\/product_tag?post=15702"}],"curies":[{"name":"wp","href":"https:\/\/api.w.org\/{rel}","templated":true}]}}