{"id":14977,"date":"2026-02-05T09:48:17","date_gmt":"2026-02-05T09:48:17","guid":{"rendered":"https:\/\/darkyn.ma\/?post_type=product&#038;p=14977"},"modified":"2026-02-05T10:42:40","modified_gmt":"2026-02-05T10:42:40","slug":"antiga-390922","status":"publish","type":"product","link":"https:\/\/darkyn.ma\/index.php\/product\/antiga-390922\/","title":{"rendered":"Antiga &#8211; 390922"},"content":{"rendered":"<p>Plongez dans l\u2019ambiance envo\u00fbtante de la collection Antigua. Inspir\u00e9e par la beaut\u00e9 des paysages exotiques, cette gamme de papiers peints marie subtilement motifs botaniques et textures naturelles.<\/p>\n<p>Chaque design \u00e9voque la l\u00e9g\u00e8ret\u00e9 des palmes sous le vent et la chaleur d\u2019un horizon lointain, pour une d\u00e9coration \u00e0 la fois \u00e9l\u00e9gante et d\u00e9paysante.<\/p>\n<p>Parfaite pour cr\u00e9er une atmosph\u00e8re relaxante et raffin\u00e9e, Antigua transforme vos murs en une v\u00e9ritable invitation au voyage.<\/p>\n","protected":false},"excerpt":{"rendered":"<p>Plongez dans l\u2019ambiance envo\u00fbtante de la collection Antigua. Inspir\u00e9e par la beaut\u00e9 des paysages exotiques, cette gamme de papiers peints marie subtilement motifs botaniques et textures naturelles. Chaque design \u00e9voque&#8230;<\/p>\n","protected":false},"featured_media":14975,"template":"","meta":[],"product_brand":[],"product_cat":[143],"product_tag":[],"class_list":{"0":"post-14977","1":"product","2":"type-product","3":"status-publish","4":"has-post-thumbnail","6":"product_cat-antiga-2","8":"first","9":"instock","10":"shipping-taxable","11":"product-type-simple"},"_links":{"self":[{"href":"https:\/\/darkyn.ma\/index.php\/wp-json\/wp\/v2\/product\/14977","targetHints":{"allow":["GET"]}}],"collection":[{"href":"https:\/\/darkyn.ma\/index.php\/wp-json\/wp\/v2\/product"}],"about":[{"href":"https:\/\/darkyn.ma\/index.php\/wp-json\/wp\/v2\/types\/product"}],"wp:featuredmedia":[{"embeddable":true,"href":"https:\/\/darkyn.ma\/index.php\/wp-json\/wp\/v2\/media\/14975"}],"wp:attachment":[{"href":"https:\/\/darkyn.ma\/index.php\/wp-json\/wp\/v2\/media?parent=14977"}],"wp:term":[{"taxonomy":"product_brand","embeddable":true,"href":"https:\/\/darkyn.ma\/index.php\/wp-json\/wp\/v2\/product_brand?post=14977"},{"taxonomy":"product_cat","embeddable":true,"href":"https:\/\/darkyn.ma\/index.php\/wp-json\/wp\/v2\/product_cat?post=14977"},{"taxonomy":"product_tag","embeddable":true,"href":"https:\/\/darkyn.ma\/index.php\/wp-json\/wp\/v2\/product_tag?post=14977"}],"curies":[{"name":"wp","href":"https:\/\/api.w.org\/{rel}","templated":true}]}}