{"id":12542,"date":"2025-10-14T14:41:57","date_gmt":"2025-10-14T14:41:57","guid":{"rendered":"https:\/\/darkyn.ma\/?post_type=product&#038;p=12542"},"modified":"2025-10-14T14:43:10","modified_gmt":"2025-10-14T14:43:10","slug":"back-to-nature-746146","status":"publish","type":"product","link":"https:\/\/darkyn.ma\/index.php\/product\/back-to-nature-746146\/","title":{"rendered":"Back to nature &#8211;  746146"},"content":{"rendered":"<p>Bien habill\u00e9 ? C&rsquo;est possible en un clin d&rsquo;\u0153il gr\u00e2ce aux designs textiles. Il est \u00e9galement possible d&rsquo;utiliser un mat\u00e9riau naturel pour donner plus de structure aux murs. Ici, le papier peint rayonne en blanc-cr\u00e8me &#8211; c&rsquo;est frais, styl\u00e9 et pla\u00eet m\u00eame apr\u00e8s des ann\u00e9es.<\/p>\n","protected":false},"excerpt":{"rendered":"<p>Bien habill\u00e9 ? C&rsquo;est possible en un clin d&rsquo;\u0153il gr\u00e2ce aux designs textiles. Il est \u00e9galement possible d&rsquo;utiliser un mat\u00e9riau naturel pour donner plus de structure aux murs. Ici, le&#8230;<\/p>\n","protected":false},"featured_media":12545,"template":"","meta":[],"product_brand":[],"product_cat":[35,34],"product_tag":[],"class_list":{"0":"post-12542","1":"product","2":"type-product","3":"status-publish","4":"has-post-thumbnail","6":"product_cat-papier-peint","7":"product_cat-revetement-mur","9":"first","10":"instock","11":"shipping-taxable","12":"product-type-simple"},"_links":{"self":[{"href":"https:\/\/darkyn.ma\/index.php\/wp-json\/wp\/v2\/product\/12542","targetHints":{"allow":["GET"]}}],"collection":[{"href":"https:\/\/darkyn.ma\/index.php\/wp-json\/wp\/v2\/product"}],"about":[{"href":"https:\/\/darkyn.ma\/index.php\/wp-json\/wp\/v2\/types\/product"}],"wp:featuredmedia":[{"embeddable":true,"href":"https:\/\/darkyn.ma\/index.php\/wp-json\/wp\/v2\/media\/12545"}],"wp:attachment":[{"href":"https:\/\/darkyn.ma\/index.php\/wp-json\/wp\/v2\/media?parent=12542"}],"wp:term":[{"taxonomy":"product_brand","embeddable":true,"href":"https:\/\/darkyn.ma\/index.php\/wp-json\/wp\/v2\/product_brand?post=12542"},{"taxonomy":"product_cat","embeddable":true,"href":"https:\/\/darkyn.ma\/index.php\/wp-json\/wp\/v2\/product_cat?post=12542"},{"taxonomy":"product_tag","embeddable":true,"href":"https:\/\/darkyn.ma\/index.php\/wp-json\/wp\/v2\/product_tag?post=12542"}],"curies":[{"name":"wp","href":"https:\/\/api.w.org\/{rel}","templated":true}]}}