{"id":12494,"date":"2025-10-14T14:23:51","date_gmt":"2025-10-14T14:23:51","guid":{"rendered":"https:\/\/darkyn.ma\/?post_type=product&#038;p=12494"},"modified":"2025-10-14T14:25:14","modified_gmt":"2025-10-14T14:25:14","slug":"back-to-nature-571288","status":"publish","type":"product","link":"https:\/\/darkyn.ma\/index.php\/product\/back-to-nature-571288\/","title":{"rendered":"Back to nature &#8211;  571288"},"content":{"rendered":"<p>Un trio naturel : avec des angles, des ar\u00eates et beaucoup de style, ce design de papier peint g\u00e9om\u00e9trique s&rsquo;installe chez nous. Con\u00e7u de mani\u00e8re individuelle, mais avec un \u00e9quilibre parfait, l&rsquo;\u0153il peut se perdre dans les nombreux triangles tridimensionnels. La structure textile et le gris-beige chaud cr\u00e9ent une ambiance chaleureuse qui rend les pi\u00e8ces beaucoup plus accueillantes et confortables.<\/p>\n","protected":false},"excerpt":{"rendered":"<p>Un trio naturel : avec des angles, des ar\u00eates et beaucoup de style, ce design de papier peint g\u00e9om\u00e9trique s&rsquo;installe chez nous. Con\u00e7u de mani\u00e8re individuelle, mais avec un \u00e9quilibre&#8230;<\/p>\n","protected":false},"featured_media":12497,"template":"","meta":[],"product_brand":[],"product_cat":[35,34],"product_tag":[],"class_list":{"0":"post-12494","1":"product","2":"type-product","3":"status-publish","4":"has-post-thumbnail","6":"product_cat-papier-peint","7":"product_cat-revetement-mur","9":"first","10":"instock","11":"shipping-taxable","12":"product-type-simple"},"_links":{"self":[{"href":"https:\/\/darkyn.ma\/index.php\/wp-json\/wp\/v2\/product\/12494","targetHints":{"allow":["GET"]}}],"collection":[{"href":"https:\/\/darkyn.ma\/index.php\/wp-json\/wp\/v2\/product"}],"about":[{"href":"https:\/\/darkyn.ma\/index.php\/wp-json\/wp\/v2\/types\/product"}],"wp:featuredmedia":[{"embeddable":true,"href":"https:\/\/darkyn.ma\/index.php\/wp-json\/wp\/v2\/media\/12497"}],"wp:attachment":[{"href":"https:\/\/darkyn.ma\/index.php\/wp-json\/wp\/v2\/media?parent=12494"}],"wp:term":[{"taxonomy":"product_brand","embeddable":true,"href":"https:\/\/darkyn.ma\/index.php\/wp-json\/wp\/v2\/product_brand?post=12494"},{"taxonomy":"product_cat","embeddable":true,"href":"https:\/\/darkyn.ma\/index.php\/wp-json\/wp\/v2\/product_cat?post=12494"},{"taxonomy":"product_tag","embeddable":true,"href":"https:\/\/darkyn.ma\/index.php\/wp-json\/wp\/v2\/product_tag?post=12494"}],"curies":[{"name":"wp","href":"https:\/\/api.w.org\/{rel}","templated":true}]}}