{"id":12041,"date":"2023-09-19T09:42:50","date_gmt":"2023-09-19T09:42:50","guid":{"rendered":"https:\/\/darkyn.ma\/?post_type=product&#038;p=12041"},"modified":"2026-02-05T08:35:43","modified_gmt":"2026-02-05T08:35:43","slug":"moulure-sp2","status":"publish","type":"product","link":"https:\/\/darkyn.ma\/index.php\/product\/moulure-sp2\/","title":{"rendered":"Moulure SP2"},"content":{"rendered":"<p><span style=\"font-weight: 400;\">L<\/span>a moulure SP2\u00a0est dot\u00e9e d&rsquo;une forme simple qui lui permet de s\u2019adapter \u00e0 tous les styles de d\u00e9coration.<\/p>\n<p>La cimaise SP2 ARSTYL\u00ae peut \u00eatre combin\u00e9e avec la pi\u00e8ce d\u2019ange SP2-5 ARSTYL\u00ae. Utilisez les deux produits comme \u00e9l\u00e9ments ind\u00e9pendants ou pour encadrer des \u00e9l\u00e9ments de d\u00e9coration type miroir et papier peint.<\/p>\n","protected":false},"excerpt":{"rendered":"<p><b>Dimensions du produit:<\/b><\/p>\n<ul class=\"details-block__list\">\n<li><span class=\"details-block__label\">Longueur (L)<\/span>\u00a02 m\u00e8tres<\/li>\n<li><span class=\"details-block__label\">Hauteur (H)<\/span>\u00a022\u00a0millim\u00e8tres<\/li>\n<li><span class=\"details-block__label\">Largeur (W)<\/span>\u00a09\u00a0millim\u00e8tres<\/li>\n<\/ul>\n<p><b>Mat\u00e9riau:\u00a0\u00a0<\/b>Polyur\u00e9thane<\/p>\n<p><b>Couleur:<\/b><\/p>\n<ul>\n<li>Blanc<\/li>\n<li><span style=\"font-weight: 400;\">Appr\u00eat\u00e9, pr\u00eat \u00e0 peindre<\/span><\/li>\n<\/ul>\n<p><strong>\u00a0\u00a0Avantages de la cimaise SP2\u00a0ARSTYL\u00ae:<\/strong><\/p>\n<ul>\n<li>Mat\u00e9riau l\u00e9ger<\/li>\n<li>R\u00e9sistant aux chocs et durable<\/li>\n<li>Recyclable<\/li>\n<li>R\u00e9sistant \u00e0 l&rsquo;humidit\u00e9<\/li>\n<li>Installation simple<\/li>\n<\/ul>\n","protected":false},"featured_media":12042,"template":"","meta":[],"product_brand":[],"product_cat":[114,34],"product_tag":[117],"class_list":{"0":"post-12041","1":"product","2":"type-product","3":"status-publish","4":"has-post-thumbnail","6":"product_cat-moulures","7":"product_cat-revetement-mur","8":"product_tag-noel-marquet","10":"first","11":"instock","12":"shipping-taxable","13":"product-type-simple"},"_links":{"self":[{"href":"https:\/\/darkyn.ma\/index.php\/wp-json\/wp\/v2\/product\/12041","targetHints":{"allow":["GET"]}}],"collection":[{"href":"https:\/\/darkyn.ma\/index.php\/wp-json\/wp\/v2\/product"}],"about":[{"href":"https:\/\/darkyn.ma\/index.php\/wp-json\/wp\/v2\/types\/product"}],"wp:featuredmedia":[{"embeddable":true,"href":"https:\/\/darkyn.ma\/index.php\/wp-json\/wp\/v2\/media\/12042"}],"wp:attachment":[{"href":"https:\/\/darkyn.ma\/index.php\/wp-json\/wp\/v2\/media?parent=12041"}],"wp:term":[{"taxonomy":"product_brand","embeddable":true,"href":"https:\/\/darkyn.ma\/index.php\/wp-json\/wp\/v2\/product_brand?post=12041"},{"taxonomy":"product_cat","embeddable":true,"href":"https:\/\/darkyn.ma\/index.php\/wp-json\/wp\/v2\/product_cat?post=12041"},{"taxonomy":"product_tag","embeddable":true,"href":"https:\/\/darkyn.ma\/index.php\/wp-json\/wp\/v2\/product_tag?post=12041"}],"curies":[{"name":"wp","href":"https:\/\/api.w.org\/{rel}","templated":true}]}}