{"id":11921,"date":"2023-04-06T11:54:21","date_gmt":"2023-04-06T11:54:21","guid":{"rendered":"https:\/\/darkyn.ma\/?post_type=product&#038;p=11921"},"modified":"2023-05-12T10:02:00","modified_gmt":"2023-05-12T10:02:00","slug":"oxford-089836","status":"publish","type":"product","link":"https:\/\/darkyn.ma\/index.php\/product\/oxford-089836\/","title":{"rendered":"Oxford &#8211; 089836"},"content":{"rendered":"","protected":false},"excerpt":{"rendered":"<pre id=\"tw-target-text\" class=\"tw-data-text tw-text-large tw-ta\" dir=\"ltr\" data-placeholder=\"Traduction\"><span class=\"Y2IQFc\" lang=\"fr\">Les papiers peints \"Oxford\" combinent le monde de la mode avec le domaine du design mural. La collection propose des designs \u00e9l\u00e9gants et \u00e0 la mode avec un aspect et un toucher textile et combine un support non tiss\u00e9 de haute qualit\u00e9 avec des fils 100 % viscose. Les motifs de mode populaires tels que le zigzag chevron, le tartan et le pepita, ainsi que les tissus de lin et de cr\u00eape sont r\u00e9interpr\u00e9t\u00e9s par ces papiers peints intiss\u00e9s fins.<\/span><\/pre>\n","protected":false},"featured_media":11929,"template":"","meta":[],"product_brand":[],"product_cat":[35,34],"product_tag":[],"class_list":{"0":"post-11921","1":"product","2":"type-product","3":"status-publish","4":"has-post-thumbnail","6":"product_cat-papier-peint","7":"product_cat-revetement-mur","9":"first","10":"instock","11":"shipping-taxable","12":"product-type-simple"},"_links":{"self":[{"href":"https:\/\/darkyn.ma\/index.php\/wp-json\/wp\/v2\/product\/11921","targetHints":{"allow":["GET"]}}],"collection":[{"href":"https:\/\/darkyn.ma\/index.php\/wp-json\/wp\/v2\/product"}],"about":[{"href":"https:\/\/darkyn.ma\/index.php\/wp-json\/wp\/v2\/types\/product"}],"wp:featuredmedia":[{"embeddable":true,"href":"https:\/\/darkyn.ma\/index.php\/wp-json\/wp\/v2\/media\/11929"}],"wp:attachment":[{"href":"https:\/\/darkyn.ma\/index.php\/wp-json\/wp\/v2\/media?parent=11921"}],"wp:term":[{"taxonomy":"product_brand","embeddable":true,"href":"https:\/\/darkyn.ma\/index.php\/wp-json\/wp\/v2\/product_brand?post=11921"},{"taxonomy":"product_cat","embeddable":true,"href":"https:\/\/darkyn.ma\/index.php\/wp-json\/wp\/v2\/product_cat?post=11921"},{"taxonomy":"product_tag","embeddable":true,"href":"https:\/\/darkyn.ma\/index.php\/wp-json\/wp\/v2\/product_tag?post=11921"}],"curies":[{"name":"wp","href":"https:\/\/api.w.org\/{rel}","templated":true}]}}